{"id":706,"date":"2024-05-20T15:13:05","date_gmt":"2024-05-20T13:13:05","guid":{"rendered":"https:\/\/apuliadancexperience.com\/?page_id=706"},"modified":"2024-05-20T15:13:23","modified_gmt":"2024-05-20T13:13:23","slug":"martina-arduino","status":"publish","type":"page","link":"https:\/\/apuliadancexperience.com\/en\/martina-arduino\/","title":{"rendered":"Martina ARDUINO"},"content":{"rendered":"<div class=\"wp-block-group alignfull has-global-padding is-layout-constrained wp-block-group-is-layout-constrained\" style=\"margin-top:0px;margin-bottom:0px\">\n<div class=\"wp-block-columns alignfull is-layout-flex wp-container-core-columns-is-layout-45f80c9f wp-block-columns-is-layout-flex\">\n<div class=\"wp-block-column has-global-padding is-content-justification-left is-layout-constrained wp-container-core-column-is-layout-3cf5c19e wp-block-column-is-layout-constrained\" style=\"padding-right:1.5rem;padding-left:1.5rem;flex-basis:33%\">\n<figure class=\"wp-block-image size-large is-resized\"><img data-recalc-dims=\"1\" loading=\"lazy\" decoding=\"async\" width=\"682\" height=\"1024\" data-attachment-id=\"701\" data-permalink=\"https:\/\/apuliadancexperience.com\/en\/gala\/martina-arduino\/\" data-orig-file=\"https:\/\/i0.wp.com\/apuliadancexperience.com\/wp-content\/uploads\/2024\/05\/martina-arduino.jpg?fit=682%2C1024&amp;ssl=1\" data-orig-size=\"682,1024\" data-comments-opened=\"1\" data-image-meta=\"{&quot;aperture&quot;:&quot;0&quot;,&quot;credit&quot;:&quot;&quot;,&quot;camera&quot;:&quot;&quot;,&quot;caption&quot;:&quot;&quot;,&quot;created_timestamp&quot;:&quot;0&quot;,&quot;copyright&quot;:&quot;&quot;,&quot;focal_length&quot;:&quot;0&quot;,&quot;iso&quot;:&quot;0&quot;,&quot;shutter_speed&quot;:&quot;0&quot;,&quot;title&quot;:&quot;&quot;,&quot;orientation&quot;:&quot;0&quot;}\" data-image-title=\"martina-arduino\" data-image-description=\"\" data-image-caption=\"\" data-large-file=\"https:\/\/i0.wp.com\/apuliadancexperience.com\/wp-content\/uploads\/2024\/05\/martina-arduino.jpg?fit=682%2C1024&amp;ssl=1\" src=\"https:\/\/i0.wp.com\/apuliadancexperience.com\/wp-content\/uploads\/2024\/05\/martina-arduino.jpg?resize=682%2C1024&#038;ssl=1\" alt=\"\" class=\"wp-image-701\" style=\"width:460px;height:auto\" \/><\/figure>\n<\/div>\n\n\n\n<div class=\"wp-block-column is-vertically-aligned-top has-global-padding is-content-justification-center is-layout-constrained wp-container-core-column-is-layout-356c08d0 wp-block-column-is-layout-constrained\" style=\"padding-right:1.5rem;padding-left:1.5rem;flex-basis:67%\">\n<p class=\"has-text-align-justify wp-block-paragraph\" style=\"font-size:clamp(0.833rem, 0.833rem + ((1vw - 0.48rem) * 0.321), 1rem);line-height:1.5\"><br>Martina Arduino, <strong>Prima ballerina del Teatro alla Scala<\/strong>.<br><br>Nata a Moncalieri (TO), inizia gli studi a Torino e nel 2007 entra al primo corso nella Scuola di Ballo dell\u2019Accademia Teatro alla Scala; durante questi anni partecipa agli spettacoli dell&#8217;Accademia, e prende parte anche a produzioni del Corpo di Ballo scaligero. Si diploma nel maggio 2015 ed entra a far parte del Corpo di Ballo del Teatro alla Scala. Partecipa alle produzioni e alle creazioni per la Compagnia, agli spettacoli in sede e nel corso delle tourn\u00e9e. Interpreta le produzioni di Alexei Ratmansky (<em>La bella addormentata nel bosco,<\/em>\u00a0nel ruolo della Fata dei Lill\u00e0 e del Diamante;\u00a0<em>Il lago dei cigni<\/em>\u00a0nel passo a tre e nel ruolo di Odette\/Odile), Mauro Bigonzetti (<em>Cinderella<\/em>\u00a0&#8211; Fata madrina;\u00a0<em>Progetto H\u00e4ndel<\/em>), Nacho Duato (<em>Lo schiaccianoci &#8211;\u00a0<\/em>Colombina), Rudolf Nureyev (<em>Don Chisciotte<\/em>\u00a0&#8211; ballerina di strada e solista del fandango), Massimiliano Volpini (<em>Il giardino degli amanti<\/em>, interprete principale), Kenneth MacMillan (<em>Romeo e Giulietta,\u00a0<\/em>ruolo protagonista), George Balanchine (<em>Symphony in C &#8211;\u00a0<\/em>primo movimento e quarto movimento e\u00a0<em>Sogno di una notte di mezza estate<\/em>), John Cranko (<em>Onegin,\u00a0<\/em>nel ruolo di Ol\u2019ga), John Neumeier (<em>La Dame aux cam\u00e9lias<\/em>\u00a0nel ruolo di Prudence), Heinz Spoerli<em>\u00a0(Goldberg-Variationen),<\/em>\u00a0Ji\u0159\u00ed Kyli\u00e1n\u00a0(<em>Petite Mort),\u00a0<\/em>Maurice B\u00e9jart<em>\u00a0(Bol\u00e9ro).\u00a0<\/em><\/p>\n\n\n\n<figure class=\"wp-block-image size-large\"><img data-recalc-dims=\"1\" loading=\"lazy\" decoding=\"async\" width=\"1500\" height=\"1000\" data-attachment-id=\"712\" data-permalink=\"https:\/\/apuliadancexperience.com\/en\/martina-arduino\/martina-arduino2\/\" data-orig-file=\"https:\/\/i0.wp.com\/apuliadancexperience.com\/wp-content\/uploads\/2024\/05\/martina-arduino2.jpg?fit=1500%2C1000&amp;ssl=1\" data-orig-size=\"1500,1000\" data-comments-opened=\"1\" data-image-meta=\"{&quot;aperture&quot;:&quot;0&quot;,&quot;credit&quot;:&quot;&quot;,&quot;camera&quot;:&quot;&quot;,&quot;caption&quot;:&quot;&quot;,&quot;created_timestamp&quot;:&quot;0&quot;,&quot;copyright&quot;:&quot;&quot;,&quot;focal_length&quot;:&quot;0&quot;,&quot;iso&quot;:&quot;0&quot;,&quot;shutter_speed&quot;:&quot;0&quot;,&quot;title&quot;:&quot;&quot;,&quot;orientation&quot;:&quot;0&quot;}\" data-image-title=\"martina-arduino2\" data-image-description=\"\" data-image-caption=\"\" data-large-file=\"https:\/\/i0.wp.com\/apuliadancexperience.com\/wp-content\/uploads\/2024\/05\/martina-arduino2.jpg?fit=1024%2C683&amp;ssl=1\" src=\"https:\/\/i0.wp.com\/apuliadancexperience.com\/wp-content\/uploads\/2024\/05\/martina-arduino2.jpg?resize=1500%2C1000&#038;ssl=1\" alt=\"\" class=\"wp-image-712\" \/><\/figure>\n\n\n\n<p class=\"has-text-align-justify wp-block-paragraph\" style=\"font-size:clamp(0.833rem, 0.833rem + ((1vw - 0.48rem) * 0.321), 1rem);line-height:1.5\">Dall\u2019aprile 2018 \u00e8 prima ballerina del Teatro alla Scala; al suo repertorio aggiunge\u00a0<em>Le Corsaire<\/em>\u00a0di Anna-Marie Holmes (Gulnare e Medora),\u00a0<em>Apollo<\/em>\u00a0di George Balanchine (Polimnia);\u00a0<em>La Bella addormentata nel bosco<\/em>\u00a0di Rudolf Nureyev (passo a cinque, poi Aurora e una delle sette fate); il ruolo protagonista di Kitriin<em>\u00a0Don Chisciotte<\/em>\u00a0di Rudolf Nureyev;\u00a0<em>L\u2019histoire de Manon\u00a0<\/em>di Kenneth MacMillan(l\u2019Amante di Lescaut);\u00a0<em>Lo schiaccianoci<\/em>\u00a0di George Balanchine (Goccia di Rugiada e Fata Confetto);\u00a0<em>Woolf Works<\/em>\u00a0di Wayne McGregor (Rezia in\u00a0<em>I now, I then<\/em>\u00a0e\u00a0<em>Becomings)<\/em>. Interpreta il ruolo protagonista in\u00a0<em>Sylvia<\/em>\u00a0di Manuel Legris, titolo inaugurale della Stagione 2019-2020 di Balletto alla Scala; danza\u00a0<em>Adagio Hammerklavier<\/em>\u00a0e\u00a0<em>Sarcasmen<\/em>\u00a0di Hans van Manen e\u00a0<em>Le Jeune homme et la Mort<\/em>\u00a0di Roland Petit. Per la serata \u201cA riveder le stelle\u201d \u00e8 tra gli interpreti di\u00a0<em>Verdi Suite<\/em>\u00a0creazione di Manuel Legris. Debutta nel primo atto di\u00a0<em>Giselle<\/em>\u00a0nel ruolo protagonista; per la serata \u201cGrandi Momenti di Danza\u201d \u00e8 \u201cLa Civilt\u00e0\u201d nel passo a due da\u00a0<em>Excelsior\u00a0<\/em>e in\u00a0<em>\u201cOmaggio a Nureyev\u201d\u00a0<\/em>riprende il ruolo di Aurora nell\u2019Adagio della rosa da<em>\u00a0La bella addormentata<\/em>. In \u201cSerata Grandi Coreografi\u201d danza il passo a due da\u00a0<em>Debussy pour sept danseurs\u00a0<\/em>di Roland Petit e il divertissement da\u00a0<em>Paquita.\u00a0<\/em>\u00c8 ancora in\u00a0<em>Verdi Suite<\/em>\u00a0per la \u201cSerata Quattro Coreografi\u201d. In &#8220;Serata Contemporanea\u201c \u00e8 in scena in\u00a0<em>The vertiginous thrill of exactitude<\/em>\u00a0di William Forsythe. Nelle recite di &#8220;La Scala in citt\u00e0\u201c interpreta il passo a due dal terzo atto di\u00a0<em>Sylvia\u00a0<\/em>e il grand pas de deux da<em>\u00a0Don Chisciotte.<\/em> \u00c8 Olga alla prima mondiale di\u00a0<em>Madina<\/em>, coreografia di Mauro Bigonzetti sulla creazione musicale di Fabio Vacchi. Per\u00a0<em>La bayad\u00e8re<\/em>\u00a0di Rudolf Nureyev, titolo inaugurale della Stagione 2021-2022, interpreta il ruolo di Nikiya. In\u00a0<em>Jewels<\/em>\u00a0di George Balanchine danza in una delle due coppie principali di\u00a0<em>Emeralds\u00a0<\/em>e nella coppia principale di<em>\u00a0Diamonds.\u00a0<\/em>In<em>\u00a0Gala Fracci\u00a0<\/em>\u00e8 interprete del passo a due da\u00a0<em>La P\u00e9ri.\u00a0<\/em>Per la produzione di Wayne Mc Gregor<em>\u00a0AftteRite+LORE\u00a0<\/em>\u00e8 nel cast di apertura di\u00a0<em>AfteRite.\u00a0<\/em>Nella ripresa di\u00a0<em>Giselle<\/em>\u00a0(luglio 2022) danza il ruolo protagonista. Nella ripresa di\u00a0<em>Onegin<\/em>\u00a0di John Cranko (settembre 2022) riprende il ruolo di Ol\u2019ga e debutta nel ruolo di Tat\u2019jana. Debutta nel ruolo di Clara per\u00a0<em>Lo schiaccianoci<\/em>\u00a0di Rudolf Nureyev, titolo di apertura della Stagione di Balletto 2022-2023. Nella serata\u00a0<em>Dawson\/Duato\/Kratz\/Kyli\u00e1n<\/em>\u00a0\u00e8 tra i protagonisti di\u00a0<em>Anima Animus<\/em>\u00a0(David Dawson). In\u00a0<em>Le Corsaire<\/em>\u00a0di Manuel Legris interpreta il ruolo di Medora. Per \u201cSerata William Forsythe \u2013 Blake Works V\u201d \u00e8 tra i protagonisti di\u00a0<em>Blake Works I.\u00a0<\/em>Nella edizione 2023 di Gala Fracci interpreta il passo a due da\u00a0<em>Le Loup<\/em>\u00a0di Roland Petit e il\u00a0<em>Pas classique hongrois<\/em>\u00a0da\u00a0<em>Raymonda.\u00a0<\/em>Nella ripresa di\u00a0<em>Romeo e Giulietta<\/em>\u00a0di Kenneth MacMillan del giugno\/luglio 2023 torna a danzare nel ruolo protagonista di Giulietta. Nel settembre 2023 debutta nel ruolo protagonista di Odette\/Odile in\u00a0<em>Il lago dei cigni<\/em>, coreografia di Rudolf Nureyev e a novembre riprende il ruolo di Tat\u2019jana, e anche di Ol\u2019ga in\u00a0<em>Onegin<\/em>\u00a0di John Cranko. Prende parte alla produzione\u00a0<em>Copp\u00e9lia<\/em>, nuova creazione di Alexei Ratmansky che ha inaugurato la Stagione di Balletto 2023-2024, debuttando nel ruolo protagonista di Swanilda. Per il trittico\u00a0<em>Smith\/Le\u00f3n e Lightfoot\/Valastro\u00a0<\/em>\u00e8 tra i protagonisti di\u00a0<em>Reveal\u00a0<\/em>di Garrett Smith.<\/p>\n\n\n\n<p class=\"has-text-align-justify wp-block-paragraph\" style=\"font-size:clamp(0.833rem, 0.833rem + ((1vw - 0.48rem) * 0.321), 1rem);line-height:1.5\">Riceve il premio Danza&amp;Danza come Interprete emergente per la stagione 2016; nel settembre 2020 il premio \u201cdanzatore dell\u2019anno sulla scena internazionale\u201d nella 48esima edizione di \u201cPositano premia la danza L\u00e9onide Massine\u201d, e nel settembre 2021 il Premio Nazionale Sfera d\u2019Oro per la Danza.<\/p>\n\n\n\n<p class=\"has-text-align-justify wp-block-paragraph\" style=\"font-size:clamp(0.833rem, 0.833rem + ((1vw - 0.48rem) * 0.321), 1rem);line-height:1.5\"><br><\/p>\n<\/div>\n<\/div>\n\n\n\n<div style=\"height:2rem\" aria-hidden=\"true\" class=\"wp-block-spacer\"><\/div>\n<\/div>","protected":false},"excerpt":{"rendered":"<p>Martina Arduino, Prima ballerina del Teatro alla Scala. Nata a Moncalieri (TO), inizia gli studi a Torino e nel 2007 entra al primo corso nella Scuola di Ballo dell\u2019Accademia Teatro alla Scala; durante questi anni partecipa agli spettacoli dell&#8217;Accademia, e prende parte anche a produzioni del Corpo di Ballo scaligero. Si diploma nel maggio 2015 [&hellip;]<\/p>\n","protected":false},"author":24993385,"featured_media":0,"parent":0,"menu_order":0,"comment_status":"closed","ping_status":"closed","template":"","meta":{"_crdt_document":"","advanced_seo_description":"","jetpack_seo_html_title":"","jetpack_seo_noindex":false,"footnotes":""},"class_list":["post-706","page","type-page","status-publish","hentry"],"jetpack_likes_enabled":true,"jetpack_sharing_enabled":true,"jetpack_shortlink":"https:\/\/wp.me\/PfrwoN-bo","jetpack-related-posts":[],"_links":{"self":[{"href":"https:\/\/apuliadancexperience.com\/en\/wp-json\/wp\/v2\/pages\/706","targetHints":{"allow":["GET"]}}],"collection":[{"href":"https:\/\/apuliadancexperience.com\/en\/wp-json\/wp\/v2\/pages"}],"about":[{"href":"https:\/\/apuliadancexperience.com\/en\/wp-json\/wp\/v2\/types\/page"}],"author":[{"embeddable":true,"href":"https:\/\/apuliadancexperience.com\/en\/wp-json\/wp\/v2\/users\/24993385"}],"replies":[{"embeddable":true,"href":"https:\/\/apuliadancexperience.com\/en\/wp-json\/wp\/v2\/comments?post=706"}],"version-history":[{"count":6,"href":"https:\/\/apuliadancexperience.com\/en\/wp-json\/wp\/v2\/pages\/706\/revisions"}],"predecessor-version":[{"id":714,"href":"https:\/\/apuliadancexperience.com\/en\/wp-json\/wp\/v2\/pages\/706\/revisions\/714"}],"wp:attachment":[{"href":"https:\/\/apuliadancexperience.com\/en\/wp-json\/wp\/v2\/media?parent=706"}],"curies":[{"name":"wp","href":"https:\/\/api.w.org\/{rel}","templated":true}]}}

<div class="wp-block-group alignfull has-global-padding is-layout-constrained wp-block-group-is-layout-constrained" style="margin-top:0px;margin-bottom:0px">
<div class="wp-block-columns alignfull is-layout-flex wp-container-core-columns-is-layout-45f80c9f wp-block-columns-is-layout-flex">
<div class="wp-block-column has-global-padding is-content-justification-left is-layout-constrained wp-container-core-column-is-layout-3cf5c19e wp-block-column-is-layout-constrained" style="padding-right:1.5rem;padding-left:1.5rem;flex-basis:33%">
<figure class="wp-block-image size-large is-resized"><img data-recalc-dims="1" loading="lazy" decoding="async" width="682" height="1024" data-attachment-id="701" data-permalink="https://apuliadancexperience.com/en/gala/martina-arduino/" data-orig-file="https://i0.wp.com/apuliadancexperience.com/wp-content/uploads/2024/05/martina-arduino.jpg?fit=682%2C1024&amp;ssl=1" data-orig-size="682,1024" data-comments-opened="1" data-image-meta="{&quot;aperture&quot;:&quot;0&quot;,&quot;credit&quot;:&quot;&quot;,&quot;camera&quot;:&quot;&quot;,&quot;caption&quot;:&quot;&quot;,&quot;created_timestamp&quot;:&quot;0&quot;,&quot;copyright&quot;:&quot;&quot;,&quot;focal_length&quot;:&quot;0&quot;,&quot;iso&quot;:&quot;0&quot;,&quot;shutter_speed&quot;:&quot;0&quot;,&quot;title&quot;:&quot;&quot;,&quot;orientation&quot;:&quot;0&quot;}" data-image-title="martina-arduino" data-image-description="" data-image-caption="" data-large-file="https://i0.wp.com/apuliadancexperience.com/wp-content/uploads/2024/05/martina-arduino.jpg?fit=682%2C1024&amp;ssl=1" src="https://i0.wp.com/apuliadancexperience.com/wp-content/uploads/2024/05/martina-arduino.jpg?resize=682%2C1024&#038;ssl=1" alt="" class="wp-image-701" style="width:460px;height:auto" /></figure>
</div>



<div class="wp-block-column is-vertically-aligned-top has-global-padding is-content-justification-center is-layout-constrained wp-container-core-column-is-layout-356c08d0 wp-block-column-is-layout-constrained" style="padding-right:1.5rem;padding-left:1.5rem;flex-basis:67%">
<p class="has-text-align-justify wp-block-paragraph" style="font-size:clamp(0.833rem, 0.833rem + ((1vw - 0.48rem) * 0.321), 1rem);line-height:1.5"><br>Martina Arduino, <strong>Prima ballerina del Teatro alla Scala</strong>.<br><br>Nata a Moncalieri (TO), inizia gli studi a Torino e nel 2007 entra al primo corso nella Scuola di Ballo dell’Accademia Teatro alla Scala; durante questi anni partecipa agli spettacoli dell&#8217;Accademia, e prende parte anche a produzioni del Corpo di Ballo scaligero. Si diploma nel maggio 2015 ed entra a far parte del Corpo di Ballo del Teatro alla Scala. Partecipa alle produzioni e alle creazioni per la Compagnia, agli spettacoli in sede e nel corso delle tournée. Interpreta le produzioni di Alexei Ratmansky (<em>La bella addormentata nel bosco,</em> nel ruolo della Fata dei Lillà e del Diamante; <em>Il lago dei cigni</em> nel passo a tre e nel ruolo di Odette/Odile), Mauro Bigonzetti (<em>Cinderella</em> &#8211; Fata madrina; <em>Progetto Händel</em>), Nacho Duato (<em>Lo schiaccianoci &#8211; </em>Colombina), Rudolf Nureyev (<em>Don Chisciotte</em> &#8211; ballerina di strada e solista del fandango), Massimiliano Volpini (<em>Il giardino degli amanti</em>, interprete principale), Kenneth MacMillan (<em>Romeo e Giulietta, </em>ruolo protagonista), George Balanchine (<em>Symphony in C &#8211; </em>primo movimento e quarto movimento e <em>Sogno di una notte di mezza estate</em>), John Cranko (<em>Onegin, </em>nel ruolo di Ol’ga), John Neumeier (<em>La Dame aux camélias</em> nel ruolo di Prudence), Heinz Spoerli<em> (Goldberg-Variationen),</em> Jiří Kylián (<em>Petite Mort), </em>Maurice Béjart<em> (Boléro). </em></p>



<figure class="wp-block-image size-large"><img data-recalc-dims="1" loading="lazy" decoding="async" width="1500" height="1000" data-attachment-id="712" data-permalink="https://apuliadancexperience.com/en/martina-arduino/martina-arduino2/" data-orig-file="https://i0.wp.com/apuliadancexperience.com/wp-content/uploads/2024/05/martina-arduino2.jpg?fit=1500%2C1000&amp;ssl=1" data-orig-size="1500,1000" data-comments-opened="1" data-image-meta="{&quot;aperture&quot;:&quot;0&quot;,&quot;credit&quot;:&quot;&quot;,&quot;camera&quot;:&quot;&quot;,&quot;caption&quot;:&quot;&quot;,&quot;created_timestamp&quot;:&quot;0&quot;,&quot;copyright&quot;:&quot;&quot;,&quot;focal_length&quot;:&quot;0&quot;,&quot;iso&quot;:&quot;0&quot;,&quot;shutter_speed&quot;:&quot;0&quot;,&quot;title&quot;:&quot;&quot;,&quot;orientation&quot;:&quot;0&quot;}" data-image-title="martina-arduino2" data-image-description="" data-image-caption="" data-large-file="https://i0.wp.com/apuliadancexperience.com/wp-content/uploads/2024/05/martina-arduino2.jpg?fit=1024%2C683&amp;ssl=1" src="https://i0.wp.com/apuliadancexperience.com/wp-content/uploads/2024/05/martina-arduino2.jpg?resize=1500%2C1000&#038;ssl=1" alt="" class="wp-image-712" /></figure>



<p class="has-text-align-justify wp-block-paragraph" style="font-size:clamp(0.833rem, 0.833rem + ((1vw - 0.48rem) * 0.321), 1rem);line-height:1.5">Dall’aprile 2018 è prima ballerina del Teatro alla Scala; al suo repertorio aggiunge <em>Le Corsaire</em> di Anna-Marie Holmes (Gulnare e Medora), <em>Apollo</em> di George Balanchine (Polimnia); <em>La Bella addormentata nel bosco</em> di Rudolf Nureyev (passo a cinque, poi Aurora e una delle sette fate); il ruolo protagonista di Kitriin<em> Don Chisciotte</em> di Rudolf Nureyev; <em>L’histoire de Manon </em>di Kenneth MacMillan(l’Amante di Lescaut); <em>Lo schiaccianoci</em> di George Balanchine (Goccia di Rugiada e Fata Confetto); <em>Woolf Works</em> di Wayne McGregor (Rezia in <em>I now, I then</em> e <em>Becomings)</em>. Interpreta il ruolo protagonista in <em>Sylvia</em> di Manuel Legris, titolo inaugurale della Stagione 2019-2020 di Balletto alla Scala; danza <em>Adagio Hammerklavier</em> e <em>Sarcasmen</em> di Hans van Manen e <em>Le Jeune homme et la Mort</em> di Roland Petit. Per la serata “A riveder le stelle” è tra gli interpreti di <em>Verdi Suite</em> creazione di Manuel Legris. Debutta nel primo atto di <em>Giselle</em> nel ruolo protagonista; per la serata “Grandi Momenti di Danza” è “La Civiltà” nel passo a due da <em>Excelsior </em>e in <em>“Omaggio a Nureyev” </em>riprende il ruolo di Aurora nell’Adagio della rosa da<em> La bella addormentata</em>. In “Serata Grandi Coreografi” danza il passo a due da <em>Debussy pour sept danseurs </em>di Roland Petit e il divertissement da <em>Paquita. </em>È ancora in <em>Verdi Suite</em> per la “Serata Quattro Coreografi”. In &#8220;Serata Contemporanea“ è in scena in <em>The vertiginous thrill of exactitude</em> di William Forsythe. Nelle recite di &#8220;La Scala in città“ interpreta il passo a due dal terzo atto di <em>Sylvia </em>e il grand pas de deux da<em> Don Chisciotte.</em> È Olga alla prima mondiale di <em>Madina</em>, coreografia di Mauro Bigonzetti sulla creazione musicale di Fabio Vacchi. Per <em>La bayadère</em> di Rudolf Nureyev, titolo inaugurale della Stagione 2021-2022, interpreta il ruolo di Nikiya. In <em>Jewels</em> di George Balanchine danza in una delle due coppie principali di <em>Emeralds </em>e nella coppia principale di<em> Diamonds. </em>In<em> Gala Fracci </em>è interprete del passo a due da <em>La Péri. </em>Per la produzione di Wayne Mc Gregor<em> AftteRite+LORE </em>è nel cast di apertura di <em>AfteRite. </em>Nella ripresa di <em>Giselle</em> (luglio 2022) danza il ruolo protagonista. Nella ripresa di <em>Onegin</em> di John Cranko (settembre 2022) riprende il ruolo di Ol’ga e debutta nel ruolo di Tat’jana. Debutta nel ruolo di Clara per <em>Lo schiaccianoci</em> di Rudolf Nureyev, titolo di apertura della Stagione di Balletto 2022-2023. Nella serata <em>Dawson/Duato/Kratz/Kylián</em> è tra i protagonisti di <em>Anima Animus</em> (David Dawson). In <em>Le Corsaire</em> di Manuel Legris interpreta il ruolo di Medora. Per “Serata William Forsythe – Blake Works V” è tra i protagonisti di <em>Blake Works I. </em>Nella edizione 2023 di Gala Fracci interpreta il passo a due da <em>Le Loup</em> di Roland Petit e il <em>Pas classique hongrois</em> da <em>Raymonda. </em>Nella ripresa di <em>Romeo e Giulietta</em> di Kenneth MacMillan del giugno/luglio 2023 torna a danzare nel ruolo protagonista di Giulietta. Nel settembre 2023 debutta nel ruolo protagonista di Odette/Odile in <em>Il lago dei cigni</em>, coreografia di Rudolf Nureyev e a novembre riprende il ruolo di Tat’jana, e anche di Ol’ga in <em>Onegin</em> di John Cranko. Prende parte alla produzione <em>Coppélia</em>, nuova creazione di Alexei Ratmansky che ha inaugurato la Stagione di Balletto 2023-2024, debuttando nel ruolo protagonista di Swanilda. Per il trittico <em>Smith/León e Lightfoot/Valastro </em>è tra i protagonisti di <em>Reveal </em>di Garrett Smith.</p>



<p class="has-text-align-justify wp-block-paragraph" style="font-size:clamp(0.833rem, 0.833rem + ((1vw - 0.48rem) * 0.321), 1rem);line-height:1.5">Riceve il premio Danza&amp;Danza come Interprete emergente per la stagione 2016; nel settembre 2020 il premio “danzatore dell’anno sulla scena internazionale” nella 48esima edizione di “Positano premia la danza Léonide Massine”, e nel settembre 2021 il Premio Nazionale Sfera d’Oro per la Danza.</p>



<p class="has-text-align-justify wp-block-paragraph" style="font-size:clamp(0.833rem, 0.833rem + ((1vw - 0.48rem) * 0.321), 1rem);line-height:1.5"><br></p>
</div>
</div>



<div style="height:2rem" aria-hidden="true" class="wp-block-spacer"></div>
</div>
